0231101 - 11?
-23002110231112
In base 10, what is 2 + -4388063?
-4388061
In base 16, what is 8c3e - -3a?
8c78
In base 6, what is 3 + 1004053541?
1004053544
In base 6, what is -1014000 - -23?
-1013533
In base 6, what is 111234252 - -211?
111234503
In base 12, what is 174 + -4194?
-4020
In base 13, what is 14c535 + -12?
14c523
In base 9, what is 3508536 - -581?
3510227
In base 12, what is -39 - -628000?
627b83
In base 8, what is 2 - -225417?
225421
In base 5, what is -1402221 + 411?
-1401310
In base 10, what is 23048 + -14?
23034
In base 16, what is c6adf + -a?
c6ad5
In base 16, what is d38f + 24?
d3b3
In base 6, what is -2055540501 - 0?
-2055540501
In base 4, what is -13 + 100121?
100102
In base 2, what is -111 - -1100101101000101111010?
1100101101000101110011
In base 16, what is -31 - -62acd?
62a9c
In base 6, what is -4 + -21112140045?
-21112140053
In base 14, what is -33a471 - 5?
-33a476
In base 7, what is -21315 + -21316?
-42634
In base 2, what is -100101101110000110011111 - 10001?
-100101101110000110110000
In base 15, what is 40b06d09 - -3?
40b06d0c
In base 6, what is 11211 + -110323?
-55112
In base 13, what is 19565b - 29?
195632
In base 14, what is 12a37 + 260?
12c97
In base 9, what is 4 + 38228252?
38228256
In base 11, what is -34 + -1a40a?
-1a443
In base 3, what is -110112112 - -1200110?
-101212002
In base 12, what is 895a40 - -71?
895ab1
In base 12, what is 6bb66728 + -4?
6bb66724
In base 10, what is 208056680 + -4?
208056676
In base 2, what is -10110011011101011111 + 11000?
-10110011011101000111
In base 12, what is 325a95 + 15?
325aaa
In base 14, what is -430 + -8d03?
-9333
In base 4, what is -32310312 - 110001?
-33020313
In base 5, what is 443044 - -11404?
1010003
In base 7, what is 150616 - 161?
150425
In base 7, what is -2130 - 100463?
-102623
In base 2, what is 1110 + -10011000001001001111?
-10011000001001000001
In base 4, what is 1023021 + 322002?
2011023
In base 10, what is 78 - 1895427?
-1895349
In base 8, what is -216 + 351065?
350647
In base 5, what is 12010 + -412044?
-400034
In base 10, what is 7496664 + -21?
7496643
In base 13, what is -a6899b2 - -5?
-a6899aa
In base 8, what is -351116 + -1110?
-352226
In base 10, what is -73166 - 136?
-73302
In base 14, what is a130c5 + -3b?
a13088
In base 6, what is 4 + 1332404534?
1332404542
In base 7, what is -22235401 - 0?
-22235401
In base 9, what is -1 + -2453881?
-2453882
In base 9, what is -8 + -4850881?
-4851000
In base 8, what is 134 + -612171?
-612035
In base 10, what is 87 + 154748?
154835
In base 2, what is 111110000110110111 + -10100100000?
111101110010010111
In base 10, what is -2270818 + 0?
-2270818
In base 11, what is 4586490 - 0?
4586490
In base 2, what is -1101100110000 + -101000110010?
-10010101100010
In base 10, what is 8 - -33450892?
33450900
In base 8, what is -42 + -75432067?
-75432131
In base 12, what is -92ab12 - 21?
-92ab33
In base 14, what is -4d1 + 94358?
93c67
In base 14, what is -3526 + -2cb8?
-6400
In base 14, what is a + -cd3011c?
-cd30112
In base 9, what is 32221 + -1025?
31185
In base 14, what is -19 + 198a8d?
198a74
In base 6, what is 120 + -44015243?
-44015123
In base 3, what is 11200221120001 + 21111?
11200221211112
In base 2, what is 10010110001101110010 - 1001?
10010110001101101001
In base 12, what is 2122438 + -1?
2122437
In base 6, what is 24 + 34541401?
34541425
In base 11, what is -a73 - 495a66?
-496a29
In base 16, what is 2ed4 - 12b?
2da9
In base 16, what is 3 + 2483a5?
2483a8
In base 2, what is -100110010101011011101 - -1010111?
-100110010101010000110
In base 7, what is 22325546 - 101?
22325445
In base 6, what is 20 - -3031104?
3031124
In base 16, what is 0 + 9dbc44?
9dbc44
In base 11, what is -1aa907 - -1a?
-1aa898
In base 16, what is -1260b5 + 18e?
-125f27
In base 10, what is 2168549 - -125?
2168674
In base 6, what is 12 - 14140114?
-14140102
In base 7, what is 4410605306 - 4?
4410605302
In base 14, what is 2443 + -3a8?
2079
In base 14, what is -1d32ddc + -4?
-1d33002
In base 14, what is 16 + -443220?
-443208
In base 2, what is 110 + 1001111000110010111011001101?
1001111000110010111011010011
In base 13, what is 39a2cb + -4?
39a2c7
In base 9, what is -854067 + -127?
-854205
In base 6, what is 541443 + -25312?
512131
In base 11, what is 7988 - 848?
7140
In base 3, what is 212 - 112002120001222?
-112002120001010
In base 5, what is -1124 + 30340341?
30334212
In base 16, what is -4ae0 + -168?
-4c48
In base 11, what is -7 - -157611?
157605
In base 10, what is 103 + 6572?
6675
In base 11, what is a818 + 227?
aa44
In base 15, what is 4e577d - 4?
4e5779
In base 16, what is b - 54837?
-5482c
In base 15, what is -92510 - -13?
-924ec
In base 12, what is -13b - -433?
2b4
In base 15, what is 35341 - 9e?
35292
In base 13, what is -601b80 + 3?
-601b7a
In base 4, what is -30 + -112332320321?
-112332321011
In base 5, what is 110201 + 23200?
133401
In base 9, what is 151 - -113613?
113764
In base 5, what is 334113 + 1233?
340401
In base 10, what is 195959514 + 4?
195959518
In base 6, what is 1122051555 - -115?
1122052114
In base 15, what is 179e - 5a8d?
-42de
In base 8, what is -11342625 - -2?
-11342623
In base 4, what is -113221301030 - -11?
-113221301013
In base 5, what is 2423110021131 - 3?
2423110021123
In base 15, what is -286 - 6851?
-6ad7
In base 3, what is 2022012021 - 2202100?
2012102221
In base 10, what is -197 - -4907041?
4906844
In base 16, what is -49df819 - 5?
-49df81e
In base 14, what is -8696 + 1aa5?
-69d1
In base 6, what is -55404 - 33010?
-132414
In base 12, what is 731 + -1674?
-b43
In base 16, what is -3ac - -7358?
6fac
In base 7, what is 33345 - 1520?
31525
In base 11, what is -2 - -700886?
700884
In base 14, what is c393382 - 2?
c393380
In base 5, what is 14334313 - 1010?
14333303
In base 4, what is 30033132011 - -1?
30033132012
In base 6, what is 515 + -250303?
-245344
In base 10, what is -36 - 272723?
-272759
In base 12, what is -b09 + 44381?
43474
In base 8, what is 2030726 + 444?
2031372
In base 12, what is -221130 + 8?
-221124
In base 15, what is -4d16 + 5540?
729
In base 13, what is 873b - -cb75?
185b3
In base 13, what is -83 - 362c9?
-3637c
In base 14, what is 6acb0 - -1b4?
6b084
In base 15, what is -1 + -d0049?
-d004a
In base 6, what is -105344 + 20240?
-45104
In base 2, what is -100111 + 101001100101110?
101001100000111
In base 12, what is 2a80a31 + -2?
2a80a2b
In base 7, what is -4 + -55041206?
-55041213
In base 9, what is 4772 - 1500?
3272
In base 11, what is -12843200 + 5?
-128431a6
In base 10, what is 2942 - -598?
3540
In base 2, what is -11000001000011100010001 - -111?
-11000001000011100001010
In base 8, what is 5717 + 24004?
31723
In base 6, what is 22544505 + 31?
22544540
In base 13, what is 899b2 + -1b?
89994
In base 6, what is 3143220003 + -2?
3143220001
In base 3, what is 22101022 - -200221?
100002020
In base 7, what is 135524131 + 13?
135524144
In base 8, what is 2013 + 42505?
44520
In base 15, what is -4d - -2635c1?
263573
In base 4, what is 2132313 + 221323?
3020302
In base 2, what is 1 - 111110001100000100?
-111110001100000011
In base 8, what is 1 + 216736427?
216736430
In base 2, what is -10 + -1111100101011001001101100?
-1111100101011001001101110
In base 10, what is -413 - -19489?
19076
In base 7, what is 5 + -530324035?
-530324030
In base 9, what is -6868112 + 43?
-6868058
In base 9, what is -5 + -53721434?
-53721440
In base 12, what is 21296a4 + 24?
2129708
In base 8, what is 4267361 + -1041?
4266320
In base 16, what is 4305b - b?
43050
In base 7, what is -1112014 + -3241?
-1115255
In base 13, what is -342c + 2369?
-1093
In base 14, what is d + -2089828?
-2089819
In base 14, what is -990553c + -1?
-990553d
In base 13, what is -3 - -93c3c5?
93c3c2
In base 8, what is -24236 + 67056?
42620
In base 4, what is -123 - -10003102233?
10003102110
In base 7, what is -3 + -2154326?
-2154332
In base 14, what is -5 - -2ad59d?
2ad598
In base 14, what is 327 - -1cba?
2203
In base 5, what is -43 - -344131423?
344131330
In base 11, what is -4 - -70a2a5?
70a2a1
In base 14, what is -2846 - 8d7?
-333d
In base 11, what is -30860a - -94?
-308526
In base 15, what is 327 + 25e77?
2629e
In base 14, what is -21b + 69480?
69263
In base 5, what is -20 + -2213434003?
-2213434023
In base 9, what is 265000503 + 2?
265000505
In base 15, w